f 656?
6
What is the tens digit of 1685?
8
What is the units digit of 192?
2
What is the tens digit of 941?
4
What is the hundreds digit of 3144?
1
What is the ten thousands digit of 15683?
1
What is the hundreds digit of 952?
9
What is the tens digit of 29560?
6
What is the tens digit of 39970?
7
What is the thousands digit of 10026?
0
What is the units digit of 22571?
1
What is the units digit of 84666?
6
What is the hundreds digit of 2050?
0
What is the tens digit of 74?
7
What is the thousands digit of 8596?
8
What is the tens digit of 2935?
3
What is the hundreds digit of 1799?
7
What is the units digit of 41454?
4
What is the units digit of 684?
4
What is the thousands digit of 86848?
6
What is the tens digit of 601?
0
What is the hundreds digit of 31849?
8
What is the thousands digit of 6326?
6
What is the thousands digit of 8011?
8
What is the tens digit of 33419?
1
What is the units digit of 326?
6
What is the hundreds digit of 7796?
7
What is the hundreds digit of 45720?
7
What is the ten thousands digit of 37699?
3
What is the hundreds digit of 917?
9
What is the thousands digit of 127661?
7
What is the hundreds digit of 3575?
5
What is the tens digit of 1875?
7
What is the hundreds digit of 23332?
3
What is the hundreds digit of 29235?
2
What is the thousands digit of 4241?
4
What is the thousands digit of 3529?
3
What is the units digit of 81?
1
What is the ten thousands digit of 12278?
1
What is the hundreds digit of 22475?
4
What is the tens digit of 13776?
7
What is the units digit of 506?
6
What is the hundreds digit of 3199?
1
What is the hundreds digit of 884?
8
What is the units digit of 6384?
4
What is the units digit of 1980?
0
What is the ten thousands digit of 36714?
3
What is the hundreds digit of 38509?
5
What is the units digit of 67?
7
What is the units digit of 792?
2
What is the thousands digit of 28512?
8
What is the hundreds digit of 8231?
2
What is the thousands digit of 59210?
9
What is the units digit of 853?
3
What is the hundreds digit of 386?
3
What is the units digit of 26466?
6
What is the units digit of 13072?
2
What is the tens digit of 182?
8
What is the units digit of 3272?
2
What is the hundreds digit of 352?
3
What is the thousands digit of 9821?
9
What is the units digit of 320?
0
What is the thousands digit of 1341?
1
What is the tens digit of 7916?
1
What is the tens digit of 3221?
2
What is the units digit of 1412?
2
What is the thousands digit of 9185?
9
What is the tens digit of 1062?
6
What is the hundreds digit of 4220?
2
What is the units digit of 120259?
9
What is the units digit of 7137?
7
What is the hundreds digit of 61093?
0
What is the hundred thousands digit of 169642?
1
What is the tens digit of 659?
5
What is the tens digit of 10107?
0
What is the hundreds digit of 4892?
8
What is the tens digit of 3350?
5
What is the units digit of 14187?
7
What is the tens digit of 113383?
8
What is the units digit of 50305?
5
What is the thousands digit of 6474?
6
What is the hundreds digit of 9941?
9
What is the thousands digit of 5461?
5
What is the tens digit of 2060?
6
What is the thousands digit of 12846?
2
What is the tens digit of 27311?
1
What is the hundreds digit of 149677?
6
What is the tens digit of 122883?
8
What is the units digit of 1504?
4
What is the units digit of 5675?
5
What is the hundreds digit of 59819?
8
What is the units digit of 17548?
8
What is the tens digit of 2070?
7
What is the hundreds digit of 5431?
4
What is the units digit of 31970?
0
What is the hundreds digit of 11925?
9
What is the ten thousands digit of 86793?
8
What is the thousands digit of 79753?
9
What is the hundreds digit of 11432?
4
What is the tens digit of 33436?
3
What is the units digit of 4289?
9
What is the tens digit of 1587?
8
What is the tens digit of 956?
5
What is the thousands digit of 42840?
2
What is the thousands digit of 26265?
6
What is the tens digit of 958?
5
What is the hundreds digit of 2600?
6
What is the hundreds digit of 10906?
9
What is the hundreds digit of 6862?
8
What is the tens digit of 28693?
9
What is the thousands digit of 27519?
7
What is the ten thousands digit of 11215?
1
What is the ten thousands digit of 24466?
2
What is the thousands digit of 4121?
4
What is the ten thousands digit of 70879?
7
What is the ten thousands digit of 150372?
5
What is the thousands digit of 3324?
3
What is the hundreds digit of 71335?
3
What is the hundreds digit of 1223?
2
What is the hundreds digit of 832?
8
What is the tens digit of 753?
5
What is the tens digit of 43548?
4
What is the ten thousands digit of 46934?
4
What is the units digit of 7073?
3
What is the hundreds digit of 9135?
1
What is the thousands digit of 31324?
1
What is the tens digit of 10892?
9
What is the tens digit of 35865?
6
What is the hundreds digit of 1851?
8
What is the ten thousands digit of 33669?
3
What is the ten thousands digit of 11010?
1
What is the tens digit of 128736?
3
What is the units digit of 34354?
4
What is the thousands digit of 146521?
6
What is the hundred thousands digit of 137370?
1
What is the hundreds digit of 45472?
4
What is the units digit of 3325?
5
What is the hundreds digit of 116750?
7
What is the tens digit of 1332?
3
What is the thousands digit of 16162?
6
What is the units digit of 1418?
8
What is the ten thousands digit of 88086?
8
What is the units digit of 4611?
1
What is the units digit of 19295?
5
What is the thousands digit of 3238?
3
What is the hundreds digit of 1017?
0
What is the thousands digit of 82890?
2
What is the units digit of 3874?
4
What is the tens digit of 4036?
3
What is the tens digit of 28922?
2
What is the thousands digit of 8808?
8
What is the hundreds digit of 1422?
4
What is the units digit of 1969?
9
What is the thousands digit of 130306?
0
What is the hundreds digit of 6849?
8
What is the tens digit of 8078?
7
What is the units digit of 824?
4
What is the tens digit of 29546?
4
What is the ten thousands digit of 53689?
5
What is the units digit of 481?
1
What is the units digit of 49718?
8
What is the hundreds digit of 752?
7
What is the units digit of 832?
2
What is the tens digit of 168?
6
What is the ten thousands digit of 13271?
1
What is the tens digit of 1170?
7
What is the tens digit of 263?
6
What is the units digit of 2623?
3
What is the units digit of 14876?
6
What is the thousands digit of 1862?
1
What is the tens digit of 660?
6
What is the tens digit of 2582?
8
What is the units digit of 8418?
8
What is the units digit of 114967?
7
What is the ten thousands digit of 48482?
4
What is the hundreds digit of 84298?
2
What is the tens digit of 1355?
5
What is the ten thousands digit of 35929?
3
What is the ten thousands digit of 81168?
8
What is the tens digit of 227?
2
What is the thousands digit of 54973?
4
What is the units digit of 3996?
6
What is the tens digit of 4219?
1
What is the units digit of 834?
4
What is the units digit of 932?
2
What is the hundreds digit of 887?
8
What is the hundreds digit of 30274?
2
What is the ten thousands digit of 25997?
2
What is the tens digit of 1484?
8
What is the hundreds digit of 8966?
9
What is the units digit of 18139?
9
What is the tens digit of 5198?
9
What is the tens digit of 178802?
0
What is the ten thousands digit of 22955?
2
What is the tens digit of 3218?
1
What is the thousands digit of 42366?
2
What is the units digit of 481?
1
What is the hundreds digit of 22217?
2
What is the units digit of 1491?
1
What is the thousands digit of 21471?
1
What is the hundreds digit of 103240?
2
What is the tens digit of 5661?
6
What is the tens digit of 1276?
7
What is the units digit of 825?
5
What is the units digit of 66?
6
What is the units digit of 170?
0
What is the ten thousands digit of 11243?
1
What is the hundreds digit of 1452?
4
What is the tens digit of 1124?
2
What is the tens digit of 390?
9
What is the tens digit of 989?
8
What is the tens digit of 832?
3
What is the hundreds digit of 9855?
8
What is the hundreds digit of 598?
5
What is the tens digit of 4408?
0
What is the units digit of 933?
3
What is the units digit of 52488?
8
What is the hundreds digit of 28730?
7
What is the thousands digit of 80878?
0
What is the units digit of 257?
7
What is the hundreds digit of 25